at is the remainder when 1405 is divided by 201?
199
What is the remainder when 766 is divided by 269?
228
Calculate the remainder when 4548 is divided by 130.
128
What is the remainder when 176 is divided by 96?
80
What is the remainder when 11504 is divided by 37?
34
Calculate the remainder when 134 is divided by 28.
22
Calculate the remainder when 118 is divided by 7.
6
Calculate the remainder when 1956 is divided by 16.
4
Calculate the remainder when 881 is divided by 42.
41
Calculate the remainder when 162 is divided by 13.
6
What is the remainder when 583 is divided by 209?
165
Calculate the remainder when 333 is divided by 67.
65
What is the remainder when 144 is divided by 38?
30
What is the remainder when 281 is divided by 90?
11
What is the remainder when 938 is divided by 232?
10
Calculate the remainder when 1129 is divided by 372.
13
Calculate the remainder when 441 is divided by 12.
9
Calculate the remainder when 206 is divided by 10.
6
Calculate the remainder when 648 is divided by 66.
54
What is the remainder when 466 is divided by 6?
4
What is the remainder when 110023 is divided by 58?
55
Calculate the remainder when 166 is divided by 56.
54
What is the remainder when 73 is divided by 21?
10
What is the remainder when 65 is divided by 18?
11
Calculate the remainder when 27 is divided by 24.
3
What is the remainder when 381 is divided by 78?
69
What is the remainder when 333 is divided by 28?
25
What is the remainder when 5539 is divided by 18?
13
Calculate the remainder when 1744 is divided by 64.
16
Calculate the remainder when 3195 is divided by 39.
36
Calculate the remainder when 7223 is divided by 28.
27
What is the remainder when 749 is divided by 47?
44
Calculate the remainder when 156 is divided by 119.
37
Calculate the remainder when 844 is divided by 141.
139
Calculate the remainder when 867 is divided by 866.
1
What is the remainder when 2710 is divided by 1344?
22
What is the remainder when 4007 is divided by 210?
17
Calculate the remainder when 3021 is divided by 131.
8
Calculate the remainder when 10976 is divided by 3653.
17
Calculate the remainder when 109 is divided by 31.
16
Calculate the remainder when 257 is divided by 252.
5
Calculate the remainder when 15517 is divided by 97.
94
Calculate the remainder when 439 is divided by 56.
47
What is the remainder when 438 is divided by 13?
9
Calculate the remainder when 2009 is divided by 134.
133
Calculate the remainder when 77 is divided by 44.
33
What is the remainder when 336 is divided by 104?
24
What is the remainder when 1650 is divided by 38?
16
What is the remainder when 18 is divided by 10?
8
What is the remainder when 623 is divided by 14?
7
What is the remainder when 116 is divided by 81?
35
What is the remainder when 1167 is divided by 9?
6
What is the remainder when 1749 is divided by 867?
15
Calculate the remainder when 277 is divided by 53.
12
What is the remainder when 1250 is divided by 90?
80
What is the remainder when 8 is divided by 4?
0
Calculate the remainder when 2168 is divided by 52.
36
What is the remainder when 2817 is divided by 12?
9
Calculate the remainder when 110 is divided by 8.
6
What is the remainder when 31307 is divided by 155?
152
What is the remainder when 1883 is divided by 157?
156
Calculate the remainder when 3230 is divided by 53.
50
What is the remainder when 38 is divided by 15?
8
What is the remainder when 300 is divided by 55?
25
What is the remainder when 239 is divided by 120?
119
What is the remainder when 4221 is divided by 601?
14
Calculate the remainder when 52 is divided by 16.
4
What is the remainder when 17 is divided by 9?
8
Calculate the remainder when 544 is divided by 111.
100
What is the remainder when 1143 is divided by 142?
7
What is the remainder when 799 is divided by 794?
5
Calculate the remainder when 1003 is divided by 43.
14
What is the remainder when 329 is divided by 4?
1
Calculate the remainder when 4040 is divided by 44.
36
Calculate the remainder when 293 is divided by 49.
48
Calculate the remainder when 124 is divided by 9.
7
Calculate the remainder when 286 is divided by 241.
45
What is the remainder when 26 is divided by 15?
11
What is the remainder when 90 is divided by 52?
38
Calculate the remainder when 377 is divided by 21.
20
What is the remainder when 387 is divided by 15?
12
Calculate the remainder when 1268 is divided by 10.
8
What is the remainder when 1405 is divided by 11?
8
What is the remainder when 666 is divided by 29?
28
What is the remainder when 763 is divided by 85?
83
Calculate the remainder when 299 is divided by 50.
49
Calculate the remainder when 80 is divided by 21.
17
Calculate the remainder when 254 is divided by 77.
23
What is the remainder when 865 is divided by 243?
136
Calculate the remainder when 508 is divided by 66.
46
Calculate the remainder when 63 is divided by 41.
22
What is the remainder when 1263 is divided by 141?
135
What is the remainder when 2007 is divided by 505?
492
What is the remainder when 29 is divided by 25?
4
Calculate the remainder when 1110 is divided by 132.
54
Calculate the remainder when 638 is divided by 24.
14
Calculate the remainder when 2514 is divided by 317.
295
Calculate the remainder when 299 is divided by 277.
22
What is the remainder when 118 is divided by 6?
4
What is the remainder when 258 is divided by 126?
6
Calculate the remainder when 398 is divided by 119.
41
Calculate the remainder when 417 is divided by 132.
21
Calculate the remainder when 27 is divided by 7.
6
Calculate the remainder when 518 is divided by 20.
18
Calculate the remainder when 367 is divided by 296.
71
What is the remainder when 486 is divided by 11?
2
Calculate the remainder when 430 is divided by 88.
78
Calculate the remainder when 80 is divided by 5.
0
What is the remainder when 87 is divided by 47?
40
What is the remainder when 106 is divided by 34?
4
Calculate the remainder when 218 is divided by 115.
103
Calculate the remainder when 143 is divided by 29.
27
Calculate the remainder when 383 is divided by 71.
28
What is the remainder when 58056 is divided by 91?
89
Calculate the remainder when 66 is divided by 33.
0
What is the remainder when 628 is divided by 45?
43
Calculate the remainder when 336 is divided by 144.
48
Calculate the remainder when 604 is divided by 11.
10
Calculate the remainder when 100 is divided by 7.
2
Calculate the remainder when 203 is divided by 43.
31
Calculate the remainder when 77 is divided by 30.
17
Calculate the remainder when 1014 is divided by 64.
54
Calculate the remainder when 2615 is divided by 22.
19
What is the remainder when 7197 is divided by 72?
69
Calculate the remainder when 238 is divided by 76.
10
What is the remainder when 4340 is divided by 167?
165
What is the remainder when 1966 is divided by 652?
10
Calculate the remainder when 2926 is divided by 76.
38
What is the remainder when 306 is divided by 20?
6
What is the remainder when 499 is divided by 84?
79
What is the remainder when 140 is divided by 73?
67
Calculate the remainder when 9 is divided by 4.
1
What is the remainder when 1866 is divided by 145?
126
What is the remainder when 3387 is divided by 16?
11
What is the remainder when 523 is divided by 175?
173
What is the remainder when 184 is divided by 38?
32
Calculate the remainder when 77 is divided by 39.
38
What is the remainder when 1664 is divided by 88?
80
Calculate the remainder when 11455 is divided by 26.
15
Calculate the remainder when 412 is divided by 402.
10
What is the remainder when 172 is divided by 1?
0
Calculate the remainder when 214 is divided by 9.
7
Calculate the remainder when 486 is divided by 476.
10
What is the remainder when 1998 is divided by 50?
48
Calculate the remainder when 167 is divided by 75.
17
Calculate the remainder when 37 is divided by 13.
11
What is the remainder when 18627 is divided by 115?
112
What is the remainder when 17 is divided by 5?
2
What is the remainder when 50 is divided by 9?
5
Calculate the remainder when 375 is divided by 47.
46
Calculate the remainder when 54 is divided by 32.
22
What is the remainder when 650 is divided by 11?
1
What is the remainder when 158 is divided by 61?
36
Calculate the remainder when 2601 is divided b